{"id":666,"date":"2024-03-20T04:57:38","date_gmt":"2024-03-20T04:57:38","guid":{"rendered":"https:\/\/proveedoracomercial.com\/clientes\/producto\/linterna-gas-propano-de-2-mantillas\/"},"modified":"2024-03-20T04:57:38","modified_gmt":"2024-03-20T04:57:38","slug":"linterna-gas-propano-de-2-mantillas","status":"publish","type":"product","link":"https:\/\/proveedoracomercial.com\/clientes\/producto\/linterna-gas-propano-de-2-mantillas\/","title":{"rendered":"LINTERNA GAS PROPANO DE 2 MANTILLAS"},"content":{"rendered":"","protected":false},"excerpt":{"rendered":"<p>Quickpack \u2122 sistema de almacenamiento compacto que integra la base de la linterna en el malet\u00edn de transporte.<br \/>\nTecnolog\u00eda PerfectFlow \u2122 que proporciona un rendimiento consistente, incluso en condiciones extremas y de gran altura.<br \/>\nInstastart \u2122 encendido para con solo pulsar un bot\u00f3n, iluminaci\u00f3n incomparable.<br \/>\n1000 l\u00famenes en l\u00e1mparas altas iluminan hasta 22 metros.<br \/>\nLa duraci\u00f3n de la linterna es de hasta 7,5 horas en alta o 13 horas en baja en un Cilindro de propano (se vende por separado).<br \/>\nBrillo ajustable que proporciona un control preciso para una iluminaci\u00f3n exterior perfecta.<br \/>\nVentilador recubierto de porcelana ayuda a resistir la corrosi\u00f3n y el \u00f3xido.<br \/>\nGlobo de alta temperatura que resiste el agrietamiento del calor.<br \/>\nManija de la empu\u00f1adura para transportar f\u00e1cilmente y colgar convenientemente.<br \/>\n2 mantillas f\u00e1ciles de instalar incluidos.<\/p>\n","protected":false},"featured_media":668,"comment_status":"closed","ping_status":"closed","template":"","meta":{"_joinchat":[]},"store":[],"product_cat":[153,152],"product_tag":[51,163],"class_list":{"0":"post-666","1":"product","2":"type-product","3":"status-publish","4":"has-post-thumbnail","6":"product_cat-coleman-lamparas-y-linternas","7":"product_cat-lamparas-y-linternas","8":"product_tag-coleman","9":"product_tag-lampara","11":"first","12":"instock","13":"shipping-taxable","14":"purchasable","15":"product-type-simple"},"yoast_head":"<!-- This site is optimized with the Yoast SEO plugin v23.5 - https:\/\/yoast.com\/wordpress\/plugins\/seo\/ -->\n<title>LINTERNA GAS PROPANO DE 2 MANTILLAS -<\/title>\n<meta name=\"robots\" content=\"index, follow, max-snippet:-1, max-image-preview:large, max-video-preview:-1\" \/>\n<link rel=\"canonical\" href=\"https:\/\/proveedoracomercial.com\/clientes\/producto\/linterna-gas-propano-de-2-mantillas\/\" \/>\n<meta property=\"og:locale\" content=\"es_MX\" \/>\n<meta property=\"og:type\" content=\"article\" \/>\n<meta property=\"og:title\" content=\"LINTERNA GAS PROPANO DE 2 MANTILLAS -\" \/>\n<meta property=\"og:description\" content=\"Quickpack \u2122 sistema de almacenamiento compacto que integra la base de la linterna en el malet\u00edn de transporte. Tecnolog\u00eda PerfectFlow \u2122 que proporciona un rendimiento consistente, incluso en condiciones extremas y de gran altura. Instastart \u2122 encendido para con solo pulsar un bot\u00f3n, iluminaci\u00f3n incomparable. 1000 l\u00famenes en l\u00e1mparas altas iluminan hasta 22 metros. La duraci\u00f3n de la linterna es de hasta 7,5 horas en alta o 13 horas en baja en un Cilindro de propano (se vende por separado). Brillo ajustable que proporciona un control preciso para una iluminaci\u00f3n exterior perfecta. Ventilador recubierto de porcelana ayuda a resistir la corrosi\u00f3n y el \u00f3xido. Globo de alta temperatura que resiste el agrietamiento del calor. Manija de la empu\u00f1adura para transportar f\u00e1cilmente y colgar convenientemente. 2 mantillas f\u00e1ciles de instalar incluidos.\" \/>\n<meta property=\"og:url\" content=\"https:\/\/proveedoracomercial.com\/clientes\/producto\/linterna-gas-propano-de-2-mantillas\/\" \/>\n<meta property=\"og:image\" content=\"https:\/\/proveedoracomercial.com\/clientes\/wp-content\/uploads\/sites\/4\/2024\/06\/lampara-de-gas-coleman-pca.png\" \/>\n\t<meta property=\"og:image:width\" content=\"416\" \/>\n\t<meta property=\"og:image:height\" content=\"487\" \/>\n\t<meta property=\"og:image:type\" content=\"image\/png\" \/>\n<meta name=\"twitter:card\" content=\"summary_large_image\" \/>\n<script type=\"application\/ld+json\" class=\"yoast-schema-graph\">{\"@context\":\"https:\/\/schema.org\",\"@graph\":[{\"@type\":\"WebPage\",\"@id\":\"https:\/\/proveedoracomercial.com\/clientes\/producto\/linterna-gas-propano-de-2-mantillas\/\",\"url\":\"https:\/\/proveedoracomercial.com\/clientes\/producto\/linterna-gas-propano-de-2-mantillas\/\",\"name\":\"LINTERNA GAS PROPANO DE 2 MANTILLAS -\",\"isPartOf\":{\"@id\":\"https:\/\/proveedoracomercial.com\/clientes\/#website\"},\"primaryImageOfPage\":{\"@id\":\"https:\/\/proveedoracomercial.com\/clientes\/producto\/linterna-gas-propano-de-2-mantillas\/#primaryimage\"},\"image\":{\"@id\":\"https:\/\/proveedoracomercial.com\/clientes\/producto\/linterna-gas-propano-de-2-mantillas\/#primaryimage\"},\"thumbnailUrl\":\"https:\/\/proveedoracomercial.com\/clientes\/wp-content\/uploads\/sites\/4\/2024\/06\/lampara-de-gas-coleman-pca.png\",\"datePublished\":\"2024-03-20T04:57:38+00:00\",\"dateModified\":\"2024-03-20T04:57:38+00:00\",\"breadcrumb\":{\"@id\":\"https:\/\/proveedoracomercial.com\/clientes\/producto\/linterna-gas-propano-de-2-mantillas\/#breadcrumb\"},\"inLanguage\":\"es\",\"potentialAction\":[{\"@type\":\"ReadAction\",\"target\":[\"https:\/\/proveedoracomercial.com\/clientes\/producto\/linterna-gas-propano-de-2-mantillas\/\"]}]},{\"@type\":\"ImageObject\",\"inLanguage\":\"es\",\"@id\":\"https:\/\/proveedoracomercial.com\/clientes\/producto\/linterna-gas-propano-de-2-mantillas\/#primaryimage\",\"url\":\"https:\/\/proveedoracomercial.com\/clientes\/wp-content\/uploads\/sites\/4\/2024\/06\/lampara-de-gas-coleman-pca.png\",\"contentUrl\":\"https:\/\/proveedoracomercial.com\/clientes\/wp-content\/uploads\/sites\/4\/2024\/06\/lampara-de-gas-coleman-pca.png\",\"width\":416,\"height\":487},{\"@type\":\"BreadcrumbList\",\"@id\":\"https:\/\/proveedoracomercial.com\/clientes\/producto\/linterna-gas-propano-de-2-mantillas\/#breadcrumb\",\"itemListElement\":[{\"@type\":\"ListItem\",\"position\":1,\"name\":\"Portada\",\"item\":\"https:\/\/proveedoracomercial.com\/clientes\/\"},{\"@type\":\"ListItem\",\"position\":2,\"name\":\"Tienda\",\"item\":\"https:\/\/proveedoracomercial.com\/clientes\/tienda\/\"},{\"@type\":\"ListItem\",\"position\":3,\"name\":\"LINTERNA GAS PROPANO DE 2 MANTILLAS\"}]},{\"@type\":\"WebSite\",\"@id\":\"https:\/\/proveedoracomercial.com\/clientes\/#website\",\"url\":\"https:\/\/proveedoracomercial.com\/clientes\/\",\"name\":\"\",\"description\":\"\",\"potentialAction\":[{\"@type\":\"SearchAction\",\"target\":{\"@type\":\"EntryPoint\",\"urlTemplate\":\"https:\/\/proveedoracomercial.com\/clientes\/?s={search_term_string}\"},\"query-input\":{\"@type\":\"PropertyValueSpecification\",\"valueRequired\":true,\"valueName\":\"search_term_string\"}}],\"inLanguage\":\"es\"}]}<\/script>\n<!-- \/ Yoast SEO plugin. -->","yoast_head_json":{"title":"LINTERNA GAS PROPANO DE 2 MANTILLAS -","robots":{"index":"index","follow":"follow","max-snippet":"max-snippet:-1","max-image-preview":"max-image-preview:large","max-video-preview":"max-video-preview:-1"},"canonical":"https:\/\/proveedoracomercial.com\/clientes\/producto\/linterna-gas-propano-de-2-mantillas\/","og_locale":"es_MX","og_type":"article","og_title":"LINTERNA GAS PROPANO DE 2 MANTILLAS -","og_description":"Quickpack \u2122 sistema de almacenamiento compacto que integra la base de la linterna en el malet\u00edn de transporte. Tecnolog\u00eda PerfectFlow \u2122 que proporciona un rendimiento consistente, incluso en condiciones extremas y de gran altura. Instastart \u2122 encendido para con solo pulsar un bot\u00f3n, iluminaci\u00f3n incomparable. 1000 l\u00famenes en l\u00e1mparas altas iluminan hasta 22 metros. La duraci\u00f3n de la linterna es de hasta 7,5 horas en alta o 13 horas en baja en un Cilindro de propano (se vende por separado). Brillo ajustable que proporciona un control preciso para una iluminaci\u00f3n exterior perfecta. Ventilador recubierto de porcelana ayuda a resistir la corrosi\u00f3n y el \u00f3xido. Globo de alta temperatura que resiste el agrietamiento del calor. Manija de la empu\u00f1adura para transportar f\u00e1cilmente y colgar convenientemente. 2 mantillas f\u00e1ciles de instalar incluidos.","og_url":"https:\/\/proveedoracomercial.com\/clientes\/producto\/linterna-gas-propano-de-2-mantillas\/","og_image":[{"width":416,"height":487,"url":"https:\/\/proveedoracomercial.com\/clientes\/wp-content\/uploads\/sites\/4\/2024\/06\/lampara-de-gas-coleman-pca.png","type":"image\/png"}],"twitter_card":"summary_large_image","schema":{"@context":"https:\/\/schema.org","@graph":[{"@type":"WebPage","@id":"https:\/\/proveedoracomercial.com\/clientes\/producto\/linterna-gas-propano-de-2-mantillas\/","url":"https:\/\/proveedoracomercial.com\/clientes\/producto\/linterna-gas-propano-de-2-mantillas\/","name":"LINTERNA GAS PROPANO DE 2 MANTILLAS -","isPartOf":{"@id":"https:\/\/proveedoracomercial.com\/clientes\/#website"},"primaryImageOfPage":{"@id":"https:\/\/proveedoracomercial.com\/clientes\/producto\/linterna-gas-propano-de-2-mantillas\/#primaryimage"},"image":{"@id":"https:\/\/proveedoracomercial.com\/clientes\/producto\/linterna-gas-propano-de-2-mantillas\/#primaryimage"},"thumbnailUrl":"https:\/\/proveedoracomercial.com\/clientes\/wp-content\/uploads\/sites\/4\/2024\/06\/lampara-de-gas-coleman-pca.png","datePublished":"2024-03-20T04:57:38+00:00","dateModified":"2024-03-20T04:57:38+00:00","breadcrumb":{"@id":"https:\/\/proveedoracomercial.com\/clientes\/producto\/linterna-gas-propano-de-2-mantillas\/#breadcrumb"},"inLanguage":"es","potentialAction":[{"@type":"ReadAction","target":["https:\/\/proveedoracomercial.com\/clientes\/producto\/linterna-gas-propano-de-2-mantillas\/"]}]},{"@type":"ImageObject","inLanguage":"es","@id":"https:\/\/proveedoracomercial.com\/clientes\/producto\/linterna-gas-propano-de-2-mantillas\/#primaryimage","url":"https:\/\/proveedoracomercial.com\/clientes\/wp-content\/uploads\/sites\/4\/2024\/06\/lampara-de-gas-coleman-pca.png","contentUrl":"https:\/\/proveedoracomercial.com\/clientes\/wp-content\/uploads\/sites\/4\/2024\/06\/lampara-de-gas-coleman-pca.png","width":416,"height":487},{"@type":"BreadcrumbList","@id":"https:\/\/proveedoracomercial.com\/clientes\/producto\/linterna-gas-propano-de-2-mantillas\/#breadcrumb","itemListElement":[{"@type":"ListItem","position":1,"name":"Portada","item":"https:\/\/proveedoracomercial.com\/clientes\/"},{"@type":"ListItem","position":2,"name":"Tienda","item":"https:\/\/proveedoracomercial.com\/clientes\/tienda\/"},{"@type":"ListItem","position":3,"name":"LINTERNA GAS PROPANO DE 2 MANTILLAS"}]},{"@type":"WebSite","@id":"https:\/\/proveedoracomercial.com\/clientes\/#website","url":"https:\/\/proveedoracomercial.com\/clientes\/","name":"","description":"","potentialAction":[{"@type":"SearchAction","target":{"@type":"EntryPoint","urlTemplate":"https:\/\/proveedoracomercial.com\/clientes\/?s={search_term_string}"},"query-input":{"@type":"PropertyValueSpecification","valueRequired":true,"valueName":"search_term_string"}}],"inLanguage":"es"}]}},"_links":{"self":[{"href":"https:\/\/proveedoracomercial.com\/clientes\/wp-json\/wp\/v2\/product\/666","targetHints":{"allow":["GET"]}}],"collection":[{"href":"https:\/\/proveedoracomercial.com\/clientes\/wp-json\/wp\/v2\/product"}],"about":[{"href":"https:\/\/proveedoracomercial.com\/clientes\/wp-json\/wp\/v2\/types\/product"}],"replies":[{"embeddable":true,"href":"https:\/\/proveedoracomercial.com\/clientes\/wp-json\/wp\/v2\/comments?post=666"}],"wp:featuredmedia":[{"embeddable":true,"href":"https:\/\/proveedoracomercial.com\/clientes\/wp-json\/wp\/v2\/media\/668"}],"wp:attachment":[{"href":"https:\/\/proveedoracomercial.com\/clientes\/wp-json\/wp\/v2\/media?parent=666"}],"wp:term":[{"taxonomy":"store","embeddable":true,"href":"https:\/\/proveedoracomercial.com\/clientes\/wp-json\/wp\/v2\/store?post=666"},{"taxonomy":"product_cat","embeddable":true,"href":"https:\/\/proveedoracomercial.com\/clientes\/wp-json\/wp\/v2\/product_cat?post=666"},{"taxonomy":"product_tag","embeddable":true,"href":"https:\/\/proveedoracomercial.com\/clientes\/wp-json\/wp\/v2\/product_tag?post=666"}],"curies":[{"name":"wp","href":"https:\/\/api.w.org\/{rel}","templated":true}]}}