{"id":600,"date":"2024-03-20T05:01:19","date_gmt":"2024-03-20T05:01:19","guid":{"rendered":"https:\/\/proveedoracomercial.com\/clientes\/producto\/bote-caravelle-2-para-2-personas\/"},"modified":"2024-03-20T05:01:19","modified_gmt":"2024-03-20T05:01:19","slug":"bote-caravelle-2-para-2-personas","status":"publish","type":"product","link":"https:\/\/proveedoracomercial.com\/clientes\/producto\/bote-caravelle-2-para-2-personas\/","title":{"rendered":"BOTE CARAVELLE 2 PARA 2 PERSONAS"},"content":{"rendered":"","protected":false},"excerpt":{"rendered":"<p>\u2022 32% m\u00e1s de espacio que nuestro modelo 2014<br \/>\n\u2022 La construcci\u00f3n de PVC es resistente para el uso del lago<br \/>\n\u2022 Las c\u00e1maras de aire m\u00faltiples permiten que la c\u00e1mara permanezca inflada si se perfora una<br \/>\n\u2022 El sistema Airtight\u00ae tiene garant\u00eda de no fugas<br \/>\n\u2022 Las v\u00e1lvulas Double Lock \u2122 utilizan los puntos de bloqueo para facilitar la inflaci\u00f3n<br \/>\n\u2022 Los oarlocks moldeados mantienen sus remos al alcance de manera segura<br \/>\n\u2022 El piso inflado agrega comodidad para sentarse y arrodillarse<br \/>\n\u2022 Grabline hace que sea f\u00e1cil subir y bajar<br \/>\n\u2022 Se adapta a dos personas<br \/>\n\u2022 Certificado por NMMA\u00ae para soportar hasta 400 lbs.<br \/>\n\u2022 Dimensiones infladas: 6 pies 5 pulgadas x 3 pies 10 pulgadas<br \/>\n\u2022 90 d\u00edas de garant\u00eda limitada<\/p>\n","protected":false},"featured_media":603,"comment_status":"closed","ping_status":"closed","template":"","meta":{"_joinchat":[]},"store":[],"product_cat":[43,44],"product_tag":[207,208,47],"class_list":{"0":"post-600","1":"product","2":"type-product","3":"status-publish","4":"has-post-thumbnail","6":"product_cat-botes","7":"product_cat-sevylor","8":"product_tag-bote","9":"product_tag-caravelle","10":"product_tag-sevylor","12":"first","13":"instock","14":"shipping-taxable","15":"purchasable","16":"product-type-simple"},"yoast_head":"<!-- This site is optimized with the Yoast SEO plugin v23.5 - https:\/\/yoast.com\/wordpress\/plugins\/seo\/ -->\n<title>BOTE CARAVELLE 2 PARA 2 PERSONAS -<\/title>\n<meta name=\"robots\" content=\"index, follow, max-snippet:-1, max-image-preview:large, max-video-preview:-1\" \/>\n<link rel=\"canonical\" href=\"https:\/\/proveedoracomercial.com\/clientes\/producto\/bote-caravelle-2-para-2-personas\/\" \/>\n<meta property=\"og:locale\" content=\"es_MX\" \/>\n<meta property=\"og:type\" content=\"article\" \/>\n<meta property=\"og:title\" content=\"BOTE CARAVELLE 2 PARA 2 PERSONAS -\" \/>\n<meta property=\"og:description\" content=\"\u2022 32% m\u00e1s de espacio que nuestro modelo 2014 \u2022 La construcci\u00f3n de PVC es resistente para el uso del lago \u2022 Las c\u00e1maras de aire m\u00faltiples permiten que la c\u00e1mara permanezca inflada si se perfora una \u2022 El sistema Airtight\u00ae tiene garant\u00eda de no fugas \u2022 Las v\u00e1lvulas Double Lock \u2122 utilizan los puntos de bloqueo para facilitar la inflaci\u00f3n \u2022 Los oarlocks moldeados mantienen sus remos al alcance de manera segura \u2022 El piso inflado agrega comodidad para sentarse y arrodillarse \u2022 Grabline hace que sea f\u00e1cil subir y bajar \u2022 Se adapta a dos personas \u2022 Certificado por NMMA\u00ae para soportar hasta 400 lbs. \u2022 Dimensiones infladas: 6 pies 5 pulgadas x 3 pies 10 pulgadas \u2022 90 d\u00edas de garant\u00eda limitada\" \/>\n<meta property=\"og:url\" content=\"https:\/\/proveedoracomercial.com\/clientes\/producto\/bote-caravelle-2-para-2-personas\/\" \/>\n<meta property=\"og:image\" content=\"https:\/\/proveedoracomercial.com\/clientes\/wp-content\/uploads\/sites\/4\/2024\/06\/BOTE-CARAVELLE.jpg\" \/>\n\t<meta property=\"og:image:width\" content=\"1000\" \/>\n\t<meta property=\"og:image:height\" content=\"1000\" \/>\n\t<meta property=\"og:image:type\" content=\"image\/jpeg\" \/>\n<meta name=\"twitter:card\" content=\"summary_large_image\" \/>\n<script type=\"application\/ld+json\" class=\"yoast-schema-graph\">{\"@context\":\"https:\/\/schema.org\",\"@graph\":[{\"@type\":\"WebPage\",\"@id\":\"https:\/\/proveedoracomercial.com\/clientes\/producto\/bote-caravelle-2-para-2-personas\/\",\"url\":\"https:\/\/proveedoracomercial.com\/clientes\/producto\/bote-caravelle-2-para-2-personas\/\",\"name\":\"BOTE CARAVELLE 2 PARA 2 PERSONAS -\",\"isPartOf\":{\"@id\":\"https:\/\/proveedoracomercial.com\/clientes\/#website\"},\"primaryImageOfPage\":{\"@id\":\"https:\/\/proveedoracomercial.com\/clientes\/producto\/bote-caravelle-2-para-2-personas\/#primaryimage\"},\"image\":{\"@id\":\"https:\/\/proveedoracomercial.com\/clientes\/producto\/bote-caravelle-2-para-2-personas\/#primaryimage\"},\"thumbnailUrl\":\"https:\/\/proveedoracomercial.com\/clientes\/wp-content\/uploads\/sites\/4\/2024\/06\/BOTE-CARAVELLE.jpg\",\"datePublished\":\"2024-03-20T05:01:19+00:00\",\"dateModified\":\"2024-03-20T05:01:19+00:00\",\"breadcrumb\":{\"@id\":\"https:\/\/proveedoracomercial.com\/clientes\/producto\/bote-caravelle-2-para-2-personas\/#breadcrumb\"},\"inLanguage\":\"es\",\"potentialAction\":[{\"@type\":\"ReadAction\",\"target\":[\"https:\/\/proveedoracomercial.com\/clientes\/producto\/bote-caravelle-2-para-2-personas\/\"]}]},{\"@type\":\"ImageObject\",\"inLanguage\":\"es\",\"@id\":\"https:\/\/proveedoracomercial.com\/clientes\/producto\/bote-caravelle-2-para-2-personas\/#primaryimage\",\"url\":\"https:\/\/proveedoracomercial.com\/clientes\/wp-content\/uploads\/sites\/4\/2024\/06\/BOTE-CARAVELLE.jpg\",\"contentUrl\":\"https:\/\/proveedoracomercial.com\/clientes\/wp-content\/uploads\/sites\/4\/2024\/06\/BOTE-CARAVELLE.jpg\",\"width\":1000,\"height\":1000},{\"@type\":\"BreadcrumbList\",\"@id\":\"https:\/\/proveedoracomercial.com\/clientes\/producto\/bote-caravelle-2-para-2-personas\/#breadcrumb\",\"itemListElement\":[{\"@type\":\"ListItem\",\"position\":1,\"name\":\"Portada\",\"item\":\"https:\/\/proveedoracomercial.com\/clientes\/\"},{\"@type\":\"ListItem\",\"position\":2,\"name\":\"Tienda\",\"item\":\"https:\/\/proveedoracomercial.com\/clientes\/tienda\/\"},{\"@type\":\"ListItem\",\"position\":3,\"name\":\"BOTE CARAVELLE 2 PARA 2 PERSONAS\"}]},{\"@type\":\"WebSite\",\"@id\":\"https:\/\/proveedoracomercial.com\/clientes\/#website\",\"url\":\"https:\/\/proveedoracomercial.com\/clientes\/\",\"name\":\"\",\"description\":\"\",\"potentialAction\":[{\"@type\":\"SearchAction\",\"target\":{\"@type\":\"EntryPoint\",\"urlTemplate\":\"https:\/\/proveedoracomercial.com\/clientes\/?s={search_term_string}\"},\"query-input\":{\"@type\":\"PropertyValueSpecification\",\"valueRequired\":true,\"valueName\":\"search_term_string\"}}],\"inLanguage\":\"es\"}]}<\/script>\n<!-- \/ Yoast SEO plugin. -->","yoast_head_json":{"title":"BOTE CARAVELLE 2 PARA 2 PERSONAS -","robots":{"index":"index","follow":"follow","max-snippet":"max-snippet:-1","max-image-preview":"max-image-preview:large","max-video-preview":"max-video-preview:-1"},"canonical":"https:\/\/proveedoracomercial.com\/clientes\/producto\/bote-caravelle-2-para-2-personas\/","og_locale":"es_MX","og_type":"article","og_title":"BOTE CARAVELLE 2 PARA 2 PERSONAS -","og_description":"\u2022 32% m\u00e1s de espacio que nuestro modelo 2014 \u2022 La construcci\u00f3n de PVC es resistente para el uso del lago \u2022 Las c\u00e1maras de aire m\u00faltiples permiten que la c\u00e1mara permanezca inflada si se perfora una \u2022 El sistema Airtight\u00ae tiene garant\u00eda de no fugas \u2022 Las v\u00e1lvulas Double Lock \u2122 utilizan los puntos de bloqueo para facilitar la inflaci\u00f3n \u2022 Los oarlocks moldeados mantienen sus remos al alcance de manera segura \u2022 El piso inflado agrega comodidad para sentarse y arrodillarse \u2022 Grabline hace que sea f\u00e1cil subir y bajar \u2022 Se adapta a dos personas \u2022 Certificado por NMMA\u00ae para soportar hasta 400 lbs. \u2022 Dimensiones infladas: 6 pies 5 pulgadas x 3 pies 10 pulgadas \u2022 90 d\u00edas de garant\u00eda limitada","og_url":"https:\/\/proveedoracomercial.com\/clientes\/producto\/bote-caravelle-2-para-2-personas\/","og_image":[{"width":1000,"height":1000,"url":"https:\/\/proveedoracomercial.com\/clientes\/wp-content\/uploads\/sites\/4\/2024\/06\/BOTE-CARAVELLE.jpg","type":"image\/jpeg"}],"twitter_card":"summary_large_image","schema":{"@context":"https:\/\/schema.org","@graph":[{"@type":"WebPage","@id":"https:\/\/proveedoracomercial.com\/clientes\/producto\/bote-caravelle-2-para-2-personas\/","url":"https:\/\/proveedoracomercial.com\/clientes\/producto\/bote-caravelle-2-para-2-personas\/","name":"BOTE CARAVELLE 2 PARA 2 PERSONAS -","isPartOf":{"@id":"https:\/\/proveedoracomercial.com\/clientes\/#website"},"primaryImageOfPage":{"@id":"https:\/\/proveedoracomercial.com\/clientes\/producto\/bote-caravelle-2-para-2-personas\/#primaryimage"},"image":{"@id":"https:\/\/proveedoracomercial.com\/clientes\/producto\/bote-caravelle-2-para-2-personas\/#primaryimage"},"thumbnailUrl":"https:\/\/proveedoracomercial.com\/clientes\/wp-content\/uploads\/sites\/4\/2024\/06\/BOTE-CARAVELLE.jpg","datePublished":"2024-03-20T05:01:19+00:00","dateModified":"2024-03-20T05:01:19+00:00","breadcrumb":{"@id":"https:\/\/proveedoracomercial.com\/clientes\/producto\/bote-caravelle-2-para-2-personas\/#breadcrumb"},"inLanguage":"es","potentialAction":[{"@type":"ReadAction","target":["https:\/\/proveedoracomercial.com\/clientes\/producto\/bote-caravelle-2-para-2-personas\/"]}]},{"@type":"ImageObject","inLanguage":"es","@id":"https:\/\/proveedoracomercial.com\/clientes\/producto\/bote-caravelle-2-para-2-personas\/#primaryimage","url":"https:\/\/proveedoracomercial.com\/clientes\/wp-content\/uploads\/sites\/4\/2024\/06\/BOTE-CARAVELLE.jpg","contentUrl":"https:\/\/proveedoracomercial.com\/clientes\/wp-content\/uploads\/sites\/4\/2024\/06\/BOTE-CARAVELLE.jpg","width":1000,"height":1000},{"@type":"BreadcrumbList","@id":"https:\/\/proveedoracomercial.com\/clientes\/producto\/bote-caravelle-2-para-2-personas\/#breadcrumb","itemListElement":[{"@type":"ListItem","position":1,"name":"Portada","item":"https:\/\/proveedoracomercial.com\/clientes\/"},{"@type":"ListItem","position":2,"name":"Tienda","item":"https:\/\/proveedoracomercial.com\/clientes\/tienda\/"},{"@type":"ListItem","position":3,"name":"BOTE CARAVELLE 2 PARA 2 PERSONAS"}]},{"@type":"WebSite","@id":"https:\/\/proveedoracomercial.com\/clientes\/#website","url":"https:\/\/proveedoracomercial.com\/clientes\/","name":"","description":"","potentialAction":[{"@type":"SearchAction","target":{"@type":"EntryPoint","urlTemplate":"https:\/\/proveedoracomercial.com\/clientes\/?s={search_term_string}"},"query-input":{"@type":"PropertyValueSpecification","valueRequired":true,"valueName":"search_term_string"}}],"inLanguage":"es"}]}},"_links":{"self":[{"href":"https:\/\/proveedoracomercial.com\/clientes\/wp-json\/wp\/v2\/product\/600","targetHints":{"allow":["GET"]}}],"collection":[{"href":"https:\/\/proveedoracomercial.com\/clientes\/wp-json\/wp\/v2\/product"}],"about":[{"href":"https:\/\/proveedoracomercial.com\/clientes\/wp-json\/wp\/v2\/types\/product"}],"replies":[{"embeddable":true,"href":"https:\/\/proveedoracomercial.com\/clientes\/wp-json\/wp\/v2\/comments?post=600"}],"wp:featuredmedia":[{"embeddable":true,"href":"https:\/\/proveedoracomercial.com\/clientes\/wp-json\/wp\/v2\/media\/603"}],"wp:attachment":[{"href":"https:\/\/proveedoracomercial.com\/clientes\/wp-json\/wp\/v2\/media?parent=600"}],"wp:term":[{"taxonomy":"store","embeddable":true,"href":"https:\/\/proveedoracomercial.com\/clientes\/wp-json\/wp\/v2\/store?post=600"},{"taxonomy":"product_cat","embeddable":true,"href":"https:\/\/proveedoracomercial.com\/clientes\/wp-json\/wp\/v2\/product_cat?post=600"},{"taxonomy":"product_tag","embeddable":true,"href":"https:\/\/proveedoracomercial.com\/clientes\/wp-json\/wp\/v2\/product_tag?post=600"}],"curies":[{"name":"wp","href":"https:\/\/api.w.org\/{rel}","templated":true}]}}