{"id":596,"date":"2024-03-20T05:01:52","date_gmt":"2024-03-20T05:01:52","guid":{"rendered":"https:\/\/proveedoracomercial.com\/clientes\/producto\/canoa-rio-para-una-persona\/"},"modified":"2024-03-20T05:01:52","modified_gmt":"2024-03-20T05:01:52","slug":"canoa-rio-para-una-persona","status":"publish","type":"product","link":"https:\/\/proveedoracomercial.com\/clientes\/producto\/canoa-rio-para-una-persona\/","title":{"rendered":"CANOA RIO PARA UNA PERSONA"},"content":{"rendered":"","protected":false},"excerpt":{"rendered":"<p>\u2022 La construcci\u00f3n de PVC de calibre 18 es resistente para el uso del lago<br \/>\n\u2022 La parte inferior de la lona 1000D y la cubierta de nylon 840D brindan protecci\u00f3n duradera contra pinchazos<br \/>\n\u2022 Las c\u00e1maras de aire m\u00faltiples permiten que otra c\u00e1mara permanezca inflada si se perfora una<br \/>\n\u2022 El sistema Airtight\u00ae tiene garant\u00eda de no fugas<br \/>\n\u2022 Berkley\u00ae Quick Set Rod Holder es ajustable para mejorar la pesca con manos libres<br \/>\n\u2022 Los accesorios de motor de pesca por curric\u00e1n Sevylor\u00ae ampl\u00edan sus capacidades de pesca<br \/>\n\u2022 El soporte de paleta asegura su remo fuera del camino<br \/>\n\u2022 Boston Valve tiene doble rosca para facilitar la inflaci\u00f3n \/ desinflado<br \/>\n\u2022 Los bolsillos de almacenamiento de malla mantienen el equipo y los refrigerios a la mano<br \/>\n\u2022 Los anillos en D son una manera f\u00e1cil de conectar otros equipos<br \/>\n\u2022 Asientos ajustables se mueven para adaptarse a ti<br \/>\n\u2022 Las asas de transporte facilitan la entrada y la salida del agua<br \/>\n\u2022 Se adapta a una persona<br \/>\n\u2022 Certificado por NMMA\u00ae para soportar hasta 350 lbs.<br \/>\n\u2022 Dimensiones infladas: 9 pies 9 pulg. X 3 pies.<br \/>\n\u2022 Garant\u00eda limitada de 1 a\u00f1o<br \/>\n\u2022 Incluye bolsa de transporte y man\u00f3metro<\/p>\n","protected":false},"featured_media":599,"comment_status":"closed","ping_status":"closed","template":"","meta":{"_joinchat":[]},"store":[],"product_cat":[43,44],"product_tag":[45,145,46,47],"class_list":{"0":"post-596","1":"product","2":"type-product","3":"status-publish","4":"has-post-thumbnail","6":"product_cat-botes","7":"product_cat-sevylor","8":"product_tag-canoa","9":"product_tag-fishing","10":"product_tag-pesca","11":"product_tag-sevylor","13":"first","14":"instock","15":"shipping-taxable","16":"purchasable","17":"product-type-simple"},"yoast_head":"<!-- This site is optimized with the Yoast SEO plugin v23.5 - https:\/\/yoast.com\/wordpress\/plugins\/seo\/ -->\n<title>CANOA RIO PARA UNA PERSONA -<\/title>\n<meta name=\"robots\" content=\"index, follow, max-snippet:-1, max-image-preview:large, max-video-preview:-1\" \/>\n<link rel=\"canonical\" href=\"https:\/\/proveedoracomercial.com\/clientes\/producto\/canoa-rio-para-una-persona\/\" \/>\n<meta property=\"og:locale\" content=\"es_MX\" \/>\n<meta property=\"og:type\" content=\"article\" \/>\n<meta property=\"og:title\" content=\"CANOA RIO PARA UNA PERSONA -\" \/>\n<meta property=\"og:description\" content=\"\u2022 La construcci\u00f3n de PVC de calibre 18 es resistente para el uso del lago \u2022 La parte inferior de la lona 1000D y la cubierta de nylon 840D brindan protecci\u00f3n duradera contra pinchazos \u2022 Las c\u00e1maras de aire m\u00faltiples permiten que otra c\u00e1mara permanezca inflada si se perfora una \u2022 El sistema Airtight\u00ae tiene garant\u00eda de no fugas \u2022 Berkley\u00ae Quick Set Rod Holder es ajustable para mejorar la pesca con manos libres \u2022 Los accesorios de motor de pesca por curric\u00e1n Sevylor\u00ae ampl\u00edan sus capacidades de pesca \u2022 El soporte de paleta asegura su remo fuera del camino \u2022 Boston Valve tiene doble rosca para facilitar la inflaci\u00f3n \/ desinflado \u2022 Los bolsillos de almacenamiento de malla mantienen el equipo y los refrigerios a la mano \u2022 Los anillos en D son una manera f\u00e1cil de conectar otros equipos \u2022 Asientos ajustables se mueven para adaptarse a ti \u2022 Las asas de transporte facilitan la entrada y la salida del agua \u2022 Se adapta a una persona \u2022 Certificado por NMMA\u00ae para soportar hasta 350 lbs. \u2022 Dimensiones infladas: 9 pies 9 pulg. X 3 pies. \u2022 Garant\u00eda limitada de 1 a\u00f1o \u2022 Incluye bolsa de transporte y man\u00f3metro\" \/>\n<meta property=\"og:url\" content=\"https:\/\/proveedoracomercial.com\/clientes\/producto\/canoa-rio-para-una-persona\/\" \/>\n<meta property=\"og:image\" content=\"https:\/\/proveedoracomercial.com\/clientes\/wp-content\/uploads\/sites\/4\/2024\/06\/CANOA-RIO-1-PERSONA.jpg\" \/>\n\t<meta property=\"og:image:width\" content=\"1000\" \/>\n\t<meta property=\"og:image:height\" content=\"1000\" \/>\n\t<meta property=\"og:image:type\" content=\"image\/jpeg\" \/>\n<meta name=\"twitter:card\" content=\"summary_large_image\" \/>\n<script type=\"application\/ld+json\" class=\"yoast-schema-graph\">{\"@context\":\"https:\/\/schema.org\",\"@graph\":[{\"@type\":\"WebPage\",\"@id\":\"https:\/\/proveedoracomercial.com\/clientes\/producto\/canoa-rio-para-una-persona\/\",\"url\":\"https:\/\/proveedoracomercial.com\/clientes\/producto\/canoa-rio-para-una-persona\/\",\"name\":\"CANOA RIO PARA UNA PERSONA -\",\"isPartOf\":{\"@id\":\"https:\/\/proveedoracomercial.com\/clientes\/#website\"},\"primaryImageOfPage\":{\"@id\":\"https:\/\/proveedoracomercial.com\/clientes\/producto\/canoa-rio-para-una-persona\/#primaryimage\"},\"image\":{\"@id\":\"https:\/\/proveedoracomercial.com\/clientes\/producto\/canoa-rio-para-una-persona\/#primaryimage\"},\"thumbnailUrl\":\"https:\/\/proveedoracomercial.com\/clientes\/wp-content\/uploads\/sites\/4\/2024\/06\/CANOA-RIO-1-PERSONA.jpg\",\"datePublished\":\"2024-03-20T05:01:52+00:00\",\"dateModified\":\"2024-03-20T05:01:52+00:00\",\"breadcrumb\":{\"@id\":\"https:\/\/proveedoracomercial.com\/clientes\/producto\/canoa-rio-para-una-persona\/#breadcrumb\"},\"inLanguage\":\"es\",\"potentialAction\":[{\"@type\":\"ReadAction\",\"target\":[\"https:\/\/proveedoracomercial.com\/clientes\/producto\/canoa-rio-para-una-persona\/\"]}]},{\"@type\":\"ImageObject\",\"inLanguage\":\"es\",\"@id\":\"https:\/\/proveedoracomercial.com\/clientes\/producto\/canoa-rio-para-una-persona\/#primaryimage\",\"url\":\"https:\/\/proveedoracomercial.com\/clientes\/wp-content\/uploads\/sites\/4\/2024\/06\/CANOA-RIO-1-PERSONA.jpg\",\"contentUrl\":\"https:\/\/proveedoracomercial.com\/clientes\/wp-content\/uploads\/sites\/4\/2024\/06\/CANOA-RIO-1-PERSONA.jpg\",\"width\":1000,\"height\":1000},{\"@type\":\"BreadcrumbList\",\"@id\":\"https:\/\/proveedoracomercial.com\/clientes\/producto\/canoa-rio-para-una-persona\/#breadcrumb\",\"itemListElement\":[{\"@type\":\"ListItem\",\"position\":1,\"name\":\"Portada\",\"item\":\"https:\/\/proveedoracomercial.com\/clientes\/\"},{\"@type\":\"ListItem\",\"position\":2,\"name\":\"Tienda\",\"item\":\"https:\/\/proveedoracomercial.com\/clientes\/tienda\/\"},{\"@type\":\"ListItem\",\"position\":3,\"name\":\"CANOA RIO PARA UNA PERSONA\"}]},{\"@type\":\"WebSite\",\"@id\":\"https:\/\/proveedoracomercial.com\/clientes\/#website\",\"url\":\"https:\/\/proveedoracomercial.com\/clientes\/\",\"name\":\"\",\"description\":\"\",\"potentialAction\":[{\"@type\":\"SearchAction\",\"target\":{\"@type\":\"EntryPoint\",\"urlTemplate\":\"https:\/\/proveedoracomercial.com\/clientes\/?s={search_term_string}\"},\"query-input\":{\"@type\":\"PropertyValueSpecification\",\"valueRequired\":true,\"valueName\":\"search_term_string\"}}],\"inLanguage\":\"es\"}]}<\/script>\n<!-- \/ Yoast SEO plugin. -->","yoast_head_json":{"title":"CANOA RIO PARA UNA PERSONA -","robots":{"index":"index","follow":"follow","max-snippet":"max-snippet:-1","max-image-preview":"max-image-preview:large","max-video-preview":"max-video-preview:-1"},"canonical":"https:\/\/proveedoracomercial.com\/clientes\/producto\/canoa-rio-para-una-persona\/","og_locale":"es_MX","og_type":"article","og_title":"CANOA RIO PARA UNA PERSONA -","og_description":"\u2022 La construcci\u00f3n de PVC de calibre 18 es resistente para el uso del lago \u2022 La parte inferior de la lona 1000D y la cubierta de nylon 840D brindan protecci\u00f3n duradera contra pinchazos \u2022 Las c\u00e1maras de aire m\u00faltiples permiten que otra c\u00e1mara permanezca inflada si se perfora una \u2022 El sistema Airtight\u00ae tiene garant\u00eda de no fugas \u2022 Berkley\u00ae Quick Set Rod Holder es ajustable para mejorar la pesca con manos libres \u2022 Los accesorios de motor de pesca por curric\u00e1n Sevylor\u00ae ampl\u00edan sus capacidades de pesca \u2022 El soporte de paleta asegura su remo fuera del camino \u2022 Boston Valve tiene doble rosca para facilitar la inflaci\u00f3n \/ desinflado \u2022 Los bolsillos de almacenamiento de malla mantienen el equipo y los refrigerios a la mano \u2022 Los anillos en D son una manera f\u00e1cil de conectar otros equipos \u2022 Asientos ajustables se mueven para adaptarse a ti \u2022 Las asas de transporte facilitan la entrada y la salida del agua \u2022 Se adapta a una persona \u2022 Certificado por NMMA\u00ae para soportar hasta 350 lbs. \u2022 Dimensiones infladas: 9 pies 9 pulg. X 3 pies. \u2022 Garant\u00eda limitada de 1 a\u00f1o \u2022 Incluye bolsa de transporte y man\u00f3metro","og_url":"https:\/\/proveedoracomercial.com\/clientes\/producto\/canoa-rio-para-una-persona\/","og_image":[{"width":1000,"height":1000,"url":"https:\/\/proveedoracomercial.com\/clientes\/wp-content\/uploads\/sites\/4\/2024\/06\/CANOA-RIO-1-PERSONA.jpg","type":"image\/jpeg"}],"twitter_card":"summary_large_image","schema":{"@context":"https:\/\/schema.org","@graph":[{"@type":"WebPage","@id":"https:\/\/proveedoracomercial.com\/clientes\/producto\/canoa-rio-para-una-persona\/","url":"https:\/\/proveedoracomercial.com\/clientes\/producto\/canoa-rio-para-una-persona\/","name":"CANOA RIO PARA UNA PERSONA -","isPartOf":{"@id":"https:\/\/proveedoracomercial.com\/clientes\/#website"},"primaryImageOfPage":{"@id":"https:\/\/proveedoracomercial.com\/clientes\/producto\/canoa-rio-para-una-persona\/#primaryimage"},"image":{"@id":"https:\/\/proveedoracomercial.com\/clientes\/producto\/canoa-rio-para-una-persona\/#primaryimage"},"thumbnailUrl":"https:\/\/proveedoracomercial.com\/clientes\/wp-content\/uploads\/sites\/4\/2024\/06\/CANOA-RIO-1-PERSONA.jpg","datePublished":"2024-03-20T05:01:52+00:00","dateModified":"2024-03-20T05:01:52+00:00","breadcrumb":{"@id":"https:\/\/proveedoracomercial.com\/clientes\/producto\/canoa-rio-para-una-persona\/#breadcrumb"},"inLanguage":"es","potentialAction":[{"@type":"ReadAction","target":["https:\/\/proveedoracomercial.com\/clientes\/producto\/canoa-rio-para-una-persona\/"]}]},{"@type":"ImageObject","inLanguage":"es","@id":"https:\/\/proveedoracomercial.com\/clientes\/producto\/canoa-rio-para-una-persona\/#primaryimage","url":"https:\/\/proveedoracomercial.com\/clientes\/wp-content\/uploads\/sites\/4\/2024\/06\/CANOA-RIO-1-PERSONA.jpg","contentUrl":"https:\/\/proveedoracomercial.com\/clientes\/wp-content\/uploads\/sites\/4\/2024\/06\/CANOA-RIO-1-PERSONA.jpg","width":1000,"height":1000},{"@type":"BreadcrumbList","@id":"https:\/\/proveedoracomercial.com\/clientes\/producto\/canoa-rio-para-una-persona\/#breadcrumb","itemListElement":[{"@type":"ListItem","position":1,"name":"Portada","item":"https:\/\/proveedoracomercial.com\/clientes\/"},{"@type":"ListItem","position":2,"name":"Tienda","item":"https:\/\/proveedoracomercial.com\/clientes\/tienda\/"},{"@type":"ListItem","position":3,"name":"CANOA RIO PARA UNA PERSONA"}]},{"@type":"WebSite","@id":"https:\/\/proveedoracomercial.com\/clientes\/#website","url":"https:\/\/proveedoracomercial.com\/clientes\/","name":"","description":"","potentialAction":[{"@type":"SearchAction","target":{"@type":"EntryPoint","urlTemplate":"https:\/\/proveedoracomercial.com\/clientes\/?s={search_term_string}"},"query-input":{"@type":"PropertyValueSpecification","valueRequired":true,"valueName":"search_term_string"}}],"inLanguage":"es"}]}},"_links":{"self":[{"href":"https:\/\/proveedoracomercial.com\/clientes\/wp-json\/wp\/v2\/product\/596","targetHints":{"allow":["GET"]}}],"collection":[{"href":"https:\/\/proveedoracomercial.com\/clientes\/wp-json\/wp\/v2\/product"}],"about":[{"href":"https:\/\/proveedoracomercial.com\/clientes\/wp-json\/wp\/v2\/types\/product"}],"replies":[{"embeddable":true,"href":"https:\/\/proveedoracomercial.com\/clientes\/wp-json\/wp\/v2\/comments?post=596"}],"wp:featuredmedia":[{"embeddable":true,"href":"https:\/\/proveedoracomercial.com\/clientes\/wp-json\/wp\/v2\/media\/599"}],"wp:attachment":[{"href":"https:\/\/proveedoracomercial.com\/clientes\/wp-json\/wp\/v2\/media?parent=596"}],"wp:term":[{"taxonomy":"store","embeddable":true,"href":"https:\/\/proveedoracomercial.com\/clientes\/wp-json\/wp\/v2\/store?post=596"},{"taxonomy":"product_cat","embeddable":true,"href":"https:\/\/proveedoracomercial.com\/clientes\/wp-json\/wp\/v2\/product_cat?post=596"},{"taxonomy":"product_tag","embeddable":true,"href":"https:\/\/proveedoracomercial.com\/clientes\/wp-json\/wp\/v2\/product_tag?post=596"}],"curies":[{"name":"wp","href":"https:\/\/api.w.org\/{rel}","templated":true}]}}