{"id":477,"date":"2024-03-21T00:09:32","date_gmt":"2024-03-21T00:09:32","guid":{"rendered":"https:\/\/proveedoracomercial.com\/clientes\/producto\/bolsa-de-dormir-duck-harbor\/"},"modified":"2024-03-21T00:09:32","modified_gmt":"2024-03-21T00:09:32","slug":"bolsa-de-dormir-duck-harbor","status":"publish","type":"product","link":"https:\/\/proveedoracomercial.com\/clientes\/producto\/bolsa-de-dormir-duck-harbor\/","title":{"rendered":"BOLSA DE DORMIR DUCK HARBOR"},"content":{"rendered":"","protected":false},"excerpt":{"rendered":"<p>&#8216;- Para temperaturas de 30 \u00b0 F a 50 \u00b0 F<br \/>\n&#8211; Cubierta de algod\u00f3n con forro de algod\u00f3n suave de franela<br \/>\n&#8211; El sistema Thermolock \u2122 evita la p\u00e9rdida de calor a trav\u00e9s de la cremallera<br \/>\n&#8211; La cremallera patentada sin enganches bidireccionales quita la tela de la cremallera<br \/>\n&#8211; Descomprimir la parte inferior para una ventilaci\u00f3n adicional en las noches m\u00e1s c\u00e1lidas<br \/>\n-El dise\u00f1o Roll Control \u2122 hace que doblar sea r\u00e1pido y f\u00e1cil<br \/>\n-El c\u00f3modo sistema de empaque integrado Wrap &#8216;N&#8217; Roll \u2122 hace que el almacenamiento sea muy f\u00e1cil<br \/>\n&#8211; Zip dos juntos por el doble de la habitaci\u00f3n<br \/>\n&#8211; Lavable a m\u00e1quina para una f\u00e1cil limpieza en el hogar<\/p>\n","protected":false},"featured_media":479,"comment_status":"closed","ping_status":"closed","template":"","meta":{"_joinchat":[]},"store":[],"product_cat":[166,165],"product_tag":[64,51,167],"class_list":{"0":"post-477","1":"product","2":"type-product","3":"status-publish","4":"has-post-thumbnail","6":"product_cat-coleman-sacos-de-dormir-sleeping-bags","7":"product_cat-sacos-de-dormir-sleeping-bags","8":"product_tag-camping","9":"product_tag-coleman","10":"product_tag-sleeping-bag","12":"first","13":"instock","14":"shipping-taxable","15":"purchasable","16":"product-type-simple"},"yoast_head":"<!-- This site is optimized with the Yoast SEO plugin v23.5 - https:\/\/yoast.com\/wordpress\/plugins\/seo\/ -->\n<title>BOLSA DE DORMIR DUCK HARBOR -<\/title>\n<meta name=\"robots\" content=\"index, follow, max-snippet:-1, max-image-preview:large, max-video-preview:-1\" \/>\n<link rel=\"canonical\" href=\"https:\/\/proveedoracomercial.com\/clientes\/producto\/bolsa-de-dormir-duck-harbor\/\" \/>\n<meta property=\"og:locale\" content=\"es_MX\" \/>\n<meta property=\"og:type\" content=\"article\" \/>\n<meta property=\"og:title\" content=\"BOLSA DE DORMIR DUCK HARBOR -\" \/>\n<meta property=\"og:description\" content=\"&#039;- Para temperaturas de 30 \u00b0 F a 50 \u00b0 F - Cubierta de algod\u00f3n con forro de algod\u00f3n suave de franela - El sistema Thermolock \u2122 evita la p\u00e9rdida de calor a trav\u00e9s de la cremallera - La cremallera patentada sin enganches bidireccionales quita la tela de la cremallera - Descomprimir la parte inferior para una ventilaci\u00f3n adicional en las noches m\u00e1s c\u00e1lidas -El dise\u00f1o Roll Control \u2122 hace que doblar sea r\u00e1pido y f\u00e1cil -El c\u00f3modo sistema de empaque integrado Wrap &#039;N&#039; Roll \u2122 hace que el almacenamiento sea muy f\u00e1cil - Zip dos juntos por el doble de la habitaci\u00f3n - Lavable a m\u00e1quina para una f\u00e1cil limpieza en el hogar\" \/>\n<meta property=\"og:url\" content=\"https:\/\/proveedoracomercial.com\/clientes\/producto\/bolsa-de-dormir-duck-harbor\/\" \/>\n<meta property=\"og:image\" content=\"https:\/\/proveedoracomercial.com\/clientes\/wp-content\/uploads\/sites\/4\/2024\/06\/2000004454_1.jpg\" \/>\n\t<meta property=\"og:image:width\" content=\"2000\" \/>\n\t<meta property=\"og:image:height\" content=\"2000\" \/>\n\t<meta property=\"og:image:type\" content=\"image\/jpeg\" \/>\n<meta name=\"twitter:card\" content=\"summary_large_image\" \/>\n<script type=\"application\/ld+json\" class=\"yoast-schema-graph\">{\"@context\":\"https:\/\/schema.org\",\"@graph\":[{\"@type\":\"WebPage\",\"@id\":\"https:\/\/proveedoracomercial.com\/clientes\/producto\/bolsa-de-dormir-duck-harbor\/\",\"url\":\"https:\/\/proveedoracomercial.com\/clientes\/producto\/bolsa-de-dormir-duck-harbor\/\",\"name\":\"BOLSA DE DORMIR DUCK HARBOR -\",\"isPartOf\":{\"@id\":\"https:\/\/proveedoracomercial.com\/clientes\/#website\"},\"primaryImageOfPage\":{\"@id\":\"https:\/\/proveedoracomercial.com\/clientes\/producto\/bolsa-de-dormir-duck-harbor\/#primaryimage\"},\"image\":{\"@id\":\"https:\/\/proveedoracomercial.com\/clientes\/producto\/bolsa-de-dormir-duck-harbor\/#primaryimage\"},\"thumbnailUrl\":\"https:\/\/proveedoracomercial.com\/clientes\/wp-content\/uploads\/sites\/4\/2024\/06\/2000004454_1.jpg\",\"datePublished\":\"2024-03-21T00:09:32+00:00\",\"dateModified\":\"2024-03-21T00:09:32+00:00\",\"breadcrumb\":{\"@id\":\"https:\/\/proveedoracomercial.com\/clientes\/producto\/bolsa-de-dormir-duck-harbor\/#breadcrumb\"},\"inLanguage\":\"es\",\"potentialAction\":[{\"@type\":\"ReadAction\",\"target\":[\"https:\/\/proveedoracomercial.com\/clientes\/producto\/bolsa-de-dormir-duck-harbor\/\"]}]},{\"@type\":\"ImageObject\",\"inLanguage\":\"es\",\"@id\":\"https:\/\/proveedoracomercial.com\/clientes\/producto\/bolsa-de-dormir-duck-harbor\/#primaryimage\",\"url\":\"https:\/\/proveedoracomercial.com\/clientes\/wp-content\/uploads\/sites\/4\/2024\/06\/2000004454_1.jpg\",\"contentUrl\":\"https:\/\/proveedoracomercial.com\/clientes\/wp-content\/uploads\/sites\/4\/2024\/06\/2000004454_1.jpg\",\"width\":2000,\"height\":2000},{\"@type\":\"BreadcrumbList\",\"@id\":\"https:\/\/proveedoracomercial.com\/clientes\/producto\/bolsa-de-dormir-duck-harbor\/#breadcrumb\",\"itemListElement\":[{\"@type\":\"ListItem\",\"position\":1,\"name\":\"Portada\",\"item\":\"https:\/\/proveedoracomercial.com\/clientes\/\"},{\"@type\":\"ListItem\",\"position\":2,\"name\":\"Tienda\",\"item\":\"https:\/\/proveedoracomercial.com\/clientes\/tienda\/\"},{\"@type\":\"ListItem\",\"position\":3,\"name\":\"BOLSA DE DORMIR DUCK HARBOR\"}]},{\"@type\":\"WebSite\",\"@id\":\"https:\/\/proveedoracomercial.com\/clientes\/#website\",\"url\":\"https:\/\/proveedoracomercial.com\/clientes\/\",\"name\":\"\",\"description\":\"\",\"potentialAction\":[{\"@type\":\"SearchAction\",\"target\":{\"@type\":\"EntryPoint\",\"urlTemplate\":\"https:\/\/proveedoracomercial.com\/clientes\/?s={search_term_string}\"},\"query-input\":{\"@type\":\"PropertyValueSpecification\",\"valueRequired\":true,\"valueName\":\"search_term_string\"}}],\"inLanguage\":\"es\"}]}<\/script>\n<!-- \/ Yoast SEO plugin. -->","yoast_head_json":{"title":"BOLSA DE DORMIR DUCK HARBOR -","robots":{"index":"index","follow":"follow","max-snippet":"max-snippet:-1","max-image-preview":"max-image-preview:large","max-video-preview":"max-video-preview:-1"},"canonical":"https:\/\/proveedoracomercial.com\/clientes\/producto\/bolsa-de-dormir-duck-harbor\/","og_locale":"es_MX","og_type":"article","og_title":"BOLSA DE DORMIR DUCK HARBOR -","og_description":"'- Para temperaturas de 30 \u00b0 F a 50 \u00b0 F - Cubierta de algod\u00f3n con forro de algod\u00f3n suave de franela - El sistema Thermolock \u2122 evita la p\u00e9rdida de calor a trav\u00e9s de la cremallera - La cremallera patentada sin enganches bidireccionales quita la tela de la cremallera - Descomprimir la parte inferior para una ventilaci\u00f3n adicional en las noches m\u00e1s c\u00e1lidas -El dise\u00f1o Roll Control \u2122 hace que doblar sea r\u00e1pido y f\u00e1cil -El c\u00f3modo sistema de empaque integrado Wrap 'N' Roll \u2122 hace que el almacenamiento sea muy f\u00e1cil - Zip dos juntos por el doble de la habitaci\u00f3n - Lavable a m\u00e1quina para una f\u00e1cil limpieza en el hogar","og_url":"https:\/\/proveedoracomercial.com\/clientes\/producto\/bolsa-de-dormir-duck-harbor\/","og_image":[{"width":2000,"height":2000,"url":"https:\/\/proveedoracomercial.com\/clientes\/wp-content\/uploads\/sites\/4\/2024\/06\/2000004454_1.jpg","type":"image\/jpeg"}],"twitter_card":"summary_large_image","schema":{"@context":"https:\/\/schema.org","@graph":[{"@type":"WebPage","@id":"https:\/\/proveedoracomercial.com\/clientes\/producto\/bolsa-de-dormir-duck-harbor\/","url":"https:\/\/proveedoracomercial.com\/clientes\/producto\/bolsa-de-dormir-duck-harbor\/","name":"BOLSA DE DORMIR DUCK HARBOR -","isPartOf":{"@id":"https:\/\/proveedoracomercial.com\/clientes\/#website"},"primaryImageOfPage":{"@id":"https:\/\/proveedoracomercial.com\/clientes\/producto\/bolsa-de-dormir-duck-harbor\/#primaryimage"},"image":{"@id":"https:\/\/proveedoracomercial.com\/clientes\/producto\/bolsa-de-dormir-duck-harbor\/#primaryimage"},"thumbnailUrl":"https:\/\/proveedoracomercial.com\/clientes\/wp-content\/uploads\/sites\/4\/2024\/06\/2000004454_1.jpg","datePublished":"2024-03-21T00:09:32+00:00","dateModified":"2024-03-21T00:09:32+00:00","breadcrumb":{"@id":"https:\/\/proveedoracomercial.com\/clientes\/producto\/bolsa-de-dormir-duck-harbor\/#breadcrumb"},"inLanguage":"es","potentialAction":[{"@type":"ReadAction","target":["https:\/\/proveedoracomercial.com\/clientes\/producto\/bolsa-de-dormir-duck-harbor\/"]}]},{"@type":"ImageObject","inLanguage":"es","@id":"https:\/\/proveedoracomercial.com\/clientes\/producto\/bolsa-de-dormir-duck-harbor\/#primaryimage","url":"https:\/\/proveedoracomercial.com\/clientes\/wp-content\/uploads\/sites\/4\/2024\/06\/2000004454_1.jpg","contentUrl":"https:\/\/proveedoracomercial.com\/clientes\/wp-content\/uploads\/sites\/4\/2024\/06\/2000004454_1.jpg","width":2000,"height":2000},{"@type":"BreadcrumbList","@id":"https:\/\/proveedoracomercial.com\/clientes\/producto\/bolsa-de-dormir-duck-harbor\/#breadcrumb","itemListElement":[{"@type":"ListItem","position":1,"name":"Portada","item":"https:\/\/proveedoracomercial.com\/clientes\/"},{"@type":"ListItem","position":2,"name":"Tienda","item":"https:\/\/proveedoracomercial.com\/clientes\/tienda\/"},{"@type":"ListItem","position":3,"name":"BOLSA DE DORMIR DUCK HARBOR"}]},{"@type":"WebSite","@id":"https:\/\/proveedoracomercial.com\/clientes\/#website","url":"https:\/\/proveedoracomercial.com\/clientes\/","name":"","description":"","potentialAction":[{"@type":"SearchAction","target":{"@type":"EntryPoint","urlTemplate":"https:\/\/proveedoracomercial.com\/clientes\/?s={search_term_string}"},"query-input":{"@type":"PropertyValueSpecification","valueRequired":true,"valueName":"search_term_string"}}],"inLanguage":"es"}]}},"_links":{"self":[{"href":"https:\/\/proveedoracomercial.com\/clientes\/wp-json\/wp\/v2\/product\/477","targetHints":{"allow":["GET"]}}],"collection":[{"href":"https:\/\/proveedoracomercial.com\/clientes\/wp-json\/wp\/v2\/product"}],"about":[{"href":"https:\/\/proveedoracomercial.com\/clientes\/wp-json\/wp\/v2\/types\/product"}],"replies":[{"embeddable":true,"href":"https:\/\/proveedoracomercial.com\/clientes\/wp-json\/wp\/v2\/comments?post=477"}],"wp:featuredmedia":[{"embeddable":true,"href":"https:\/\/proveedoracomercial.com\/clientes\/wp-json\/wp\/v2\/media\/479"}],"wp:attachment":[{"href":"https:\/\/proveedoracomercial.com\/clientes\/wp-json\/wp\/v2\/media?parent=477"}],"wp:term":[{"taxonomy":"store","embeddable":true,"href":"https:\/\/proveedoracomercial.com\/clientes\/wp-json\/wp\/v2\/store?post=477"},{"taxonomy":"product_cat","embeddable":true,"href":"https:\/\/proveedoracomercial.com\/clientes\/wp-json\/wp\/v2\/product_cat?post=477"},{"taxonomy":"product_tag","embeddable":true,"href":"https:\/\/proveedoracomercial.com\/clientes\/wp-json\/wp\/v2\/product_tag?post=477"}],"curies":[{"name":"wp","href":"https:\/\/api.w.org\/{rel}","templated":true}]}}