{"id":471,"date":"2024-03-21T01:29:55","date_gmt":"2024-03-21T01:29:55","guid":{"rendered":"https:\/\/proveedoracomercial.com\/clientes\/producto\/reflector-para-lampara\/"},"modified":"2024-03-21T01:29:55","modified_gmt":"2024-03-21T01:29:55","slug":"reflector-para-lampara","status":"publish","type":"product","link":"https:\/\/proveedoracomercial.com\/clientes\/producto\/reflector-para-lampara\/","title":{"rendered":"REFLECTOR PARA L\u00c1MPARA"},"content":{"rendered":"","protected":false},"excerpt":{"rendered":"<p>&nbsp;<\/p>\n<ul>\n<li>Saca el m\u00e1ximo partido a tu linterna cuando no necesites 360 \u00b0 de luz con un reflector de linterna Coleman\u00ae.<\/li>\n<li>Este accesorio act\u00faa como un espejo, enviando m\u00e1s luz en la direcci\u00f3n que lo necesite.<\/li>\n<li>El reflector de aluminio se ajusta en la parte superior y lateral para adaptarse a cualquier linterna con una tuerca de bola en el ventilador del aparato.<\/li>\n<li>El tama\u00f1o ajustable se adapta a la mayor\u00eda de las linternas Coleman con mango de seguridad.<\/li>\n<li>\u00a0Reflector dirige la luz hacia el \u00e1rea deseada.<\/li>\n<\/ul>\n","protected":false},"featured_media":473,"comment_status":"closed","ping_status":"closed","template":"","meta":{"_joinchat":[]},"store":[],"product_cat":[89,156],"product_tag":[157,64,51,163,164],"class_list":{"0":"post-471","1":"product","2":"type-product","3":"status-publish","4":"has-post-thumbnail","6":"product_cat-accesorios","7":"product_cat-coleman-accesorios","8":"product_tag-accesorio","9":"product_tag-camping","10":"product_tag-coleman","11":"product_tag-lampara","12":"product_tag-reflector","14":"first","15":"instock","16":"shipping-taxable","17":"purchasable","18":"product-type-simple"},"yoast_head":"<!-- This site is optimized with the Yoast SEO plugin v23.5 - https:\/\/yoast.com\/wordpress\/plugins\/seo\/ -->\n<title>REFLECTOR PARA L\u00c1MPARA -<\/title>\n<meta name=\"robots\" content=\"index, follow, max-snippet:-1, max-image-preview:large, max-video-preview:-1\" \/>\n<link rel=\"canonical\" href=\"https:\/\/proveedoracomercial.com\/clientes\/producto\/reflector-para-lampara\/\" \/>\n<meta property=\"og:locale\" content=\"es_MX\" \/>\n<meta property=\"og:type\" content=\"article\" \/>\n<meta property=\"og:title\" content=\"REFLECTOR PARA L\u00c1MPARA -\" \/>\n<meta property=\"og:description\" content=\"&nbsp;   Saca el m\u00e1ximo partido a tu linterna cuando no necesites 360 \u00b0 de luz con un reflector de linterna Coleman\u00ae.  Este accesorio act\u00faa como un espejo, enviando m\u00e1s luz en la direcci\u00f3n que lo necesite.  El reflector de aluminio se ajusta en la parte superior y lateral para adaptarse a cualquier linterna con una tuerca de bola en el ventilador del aparato.  El tama\u00f1o ajustable se adapta a la mayor\u00eda de las linternas Coleman con mango de seguridad.  \u00a0Reflector dirige la luz hacia el \u00e1rea deseada.\" \/>\n<meta property=\"og:url\" content=\"https:\/\/proveedoracomercial.com\/clientes\/producto\/reflector-para-lampara\/\" \/>\n<meta property=\"og:image\" content=\"https:\/\/proveedoracomercial.com\/clientes\/wp-content\/uploads\/sites\/4\/2024\/06\/295-720_1.jpg\" \/>\n\t<meta property=\"og:image:width\" content=\"1000\" \/>\n\t<meta property=\"og:image:height\" content=\"1000\" \/>\n\t<meta property=\"og:image:type\" content=\"image\/jpeg\" \/>\n<meta name=\"twitter:card\" content=\"summary_large_image\" \/>\n<script type=\"application\/ld+json\" class=\"yoast-schema-graph\">{\"@context\":\"https:\/\/schema.org\",\"@graph\":[{\"@type\":\"WebPage\",\"@id\":\"https:\/\/proveedoracomercial.com\/clientes\/producto\/reflector-para-lampara\/\",\"url\":\"https:\/\/proveedoracomercial.com\/clientes\/producto\/reflector-para-lampara\/\",\"name\":\"REFLECTOR PARA L\u00c1MPARA -\",\"isPartOf\":{\"@id\":\"https:\/\/proveedoracomercial.com\/clientes\/#website\"},\"primaryImageOfPage\":{\"@id\":\"https:\/\/proveedoracomercial.com\/clientes\/producto\/reflector-para-lampara\/#primaryimage\"},\"image\":{\"@id\":\"https:\/\/proveedoracomercial.com\/clientes\/producto\/reflector-para-lampara\/#primaryimage\"},\"thumbnailUrl\":\"https:\/\/proveedoracomercial.com\/clientes\/wp-content\/uploads\/sites\/4\/2024\/06\/295-720_1.jpg\",\"datePublished\":\"2024-03-21T01:29:55+00:00\",\"dateModified\":\"2024-03-21T01:29:55+00:00\",\"breadcrumb\":{\"@id\":\"https:\/\/proveedoracomercial.com\/clientes\/producto\/reflector-para-lampara\/#breadcrumb\"},\"inLanguage\":\"es\",\"potentialAction\":[{\"@type\":\"ReadAction\",\"target\":[\"https:\/\/proveedoracomercial.com\/clientes\/producto\/reflector-para-lampara\/\"]}]},{\"@type\":\"ImageObject\",\"inLanguage\":\"es\",\"@id\":\"https:\/\/proveedoracomercial.com\/clientes\/producto\/reflector-para-lampara\/#primaryimage\",\"url\":\"https:\/\/proveedoracomercial.com\/clientes\/wp-content\/uploads\/sites\/4\/2024\/06\/295-720_1.jpg\",\"contentUrl\":\"https:\/\/proveedoracomercial.com\/clientes\/wp-content\/uploads\/sites\/4\/2024\/06\/295-720_1.jpg\",\"width\":1000,\"height\":1000},{\"@type\":\"BreadcrumbList\",\"@id\":\"https:\/\/proveedoracomercial.com\/clientes\/producto\/reflector-para-lampara\/#breadcrumb\",\"itemListElement\":[{\"@type\":\"ListItem\",\"position\":1,\"name\":\"Portada\",\"item\":\"https:\/\/proveedoracomercial.com\/clientes\/\"},{\"@type\":\"ListItem\",\"position\":2,\"name\":\"Tienda\",\"item\":\"https:\/\/proveedoracomercial.com\/clientes\/tienda\/\"},{\"@type\":\"ListItem\",\"position\":3,\"name\":\"REFLECTOR PARA L\u00c1MPARA\"}]},{\"@type\":\"WebSite\",\"@id\":\"https:\/\/proveedoracomercial.com\/clientes\/#website\",\"url\":\"https:\/\/proveedoracomercial.com\/clientes\/\",\"name\":\"\",\"description\":\"\",\"potentialAction\":[{\"@type\":\"SearchAction\",\"target\":{\"@type\":\"EntryPoint\",\"urlTemplate\":\"https:\/\/proveedoracomercial.com\/clientes\/?s={search_term_string}\"},\"query-input\":{\"@type\":\"PropertyValueSpecification\",\"valueRequired\":true,\"valueName\":\"search_term_string\"}}],\"inLanguage\":\"es\"}]}<\/script>\n<!-- \/ Yoast SEO plugin. -->","yoast_head_json":{"title":"REFLECTOR PARA L\u00c1MPARA -","robots":{"index":"index","follow":"follow","max-snippet":"max-snippet:-1","max-image-preview":"max-image-preview:large","max-video-preview":"max-video-preview:-1"},"canonical":"https:\/\/proveedoracomercial.com\/clientes\/producto\/reflector-para-lampara\/","og_locale":"es_MX","og_type":"article","og_title":"REFLECTOR PARA L\u00c1MPARA -","og_description":"&nbsp;   Saca el m\u00e1ximo partido a tu linterna cuando no necesites 360 \u00b0 de luz con un reflector de linterna Coleman\u00ae.  Este accesorio act\u00faa como un espejo, enviando m\u00e1s luz en la direcci\u00f3n que lo necesite.  El reflector de aluminio se ajusta en la parte superior y lateral para adaptarse a cualquier linterna con una tuerca de bola en el ventilador del aparato.  El tama\u00f1o ajustable se adapta a la mayor\u00eda de las linternas Coleman con mango de seguridad.  \u00a0Reflector dirige la luz hacia el \u00e1rea deseada.","og_url":"https:\/\/proveedoracomercial.com\/clientes\/producto\/reflector-para-lampara\/","og_image":[{"width":1000,"height":1000,"url":"https:\/\/proveedoracomercial.com\/clientes\/wp-content\/uploads\/sites\/4\/2024\/06\/295-720_1.jpg","type":"image\/jpeg"}],"twitter_card":"summary_large_image","schema":{"@context":"https:\/\/schema.org","@graph":[{"@type":"WebPage","@id":"https:\/\/proveedoracomercial.com\/clientes\/producto\/reflector-para-lampara\/","url":"https:\/\/proveedoracomercial.com\/clientes\/producto\/reflector-para-lampara\/","name":"REFLECTOR PARA L\u00c1MPARA -","isPartOf":{"@id":"https:\/\/proveedoracomercial.com\/clientes\/#website"},"primaryImageOfPage":{"@id":"https:\/\/proveedoracomercial.com\/clientes\/producto\/reflector-para-lampara\/#primaryimage"},"image":{"@id":"https:\/\/proveedoracomercial.com\/clientes\/producto\/reflector-para-lampara\/#primaryimage"},"thumbnailUrl":"https:\/\/proveedoracomercial.com\/clientes\/wp-content\/uploads\/sites\/4\/2024\/06\/295-720_1.jpg","datePublished":"2024-03-21T01:29:55+00:00","dateModified":"2024-03-21T01:29:55+00:00","breadcrumb":{"@id":"https:\/\/proveedoracomercial.com\/clientes\/producto\/reflector-para-lampara\/#breadcrumb"},"inLanguage":"es","potentialAction":[{"@type":"ReadAction","target":["https:\/\/proveedoracomercial.com\/clientes\/producto\/reflector-para-lampara\/"]}]},{"@type":"ImageObject","inLanguage":"es","@id":"https:\/\/proveedoracomercial.com\/clientes\/producto\/reflector-para-lampara\/#primaryimage","url":"https:\/\/proveedoracomercial.com\/clientes\/wp-content\/uploads\/sites\/4\/2024\/06\/295-720_1.jpg","contentUrl":"https:\/\/proveedoracomercial.com\/clientes\/wp-content\/uploads\/sites\/4\/2024\/06\/295-720_1.jpg","width":1000,"height":1000},{"@type":"BreadcrumbList","@id":"https:\/\/proveedoracomercial.com\/clientes\/producto\/reflector-para-lampara\/#breadcrumb","itemListElement":[{"@type":"ListItem","position":1,"name":"Portada","item":"https:\/\/proveedoracomercial.com\/clientes\/"},{"@type":"ListItem","position":2,"name":"Tienda","item":"https:\/\/proveedoracomercial.com\/clientes\/tienda\/"},{"@type":"ListItem","position":3,"name":"REFLECTOR PARA L\u00c1MPARA"}]},{"@type":"WebSite","@id":"https:\/\/proveedoracomercial.com\/clientes\/#website","url":"https:\/\/proveedoracomercial.com\/clientes\/","name":"","description":"","potentialAction":[{"@type":"SearchAction","target":{"@type":"EntryPoint","urlTemplate":"https:\/\/proveedoracomercial.com\/clientes\/?s={search_term_string}"},"query-input":{"@type":"PropertyValueSpecification","valueRequired":true,"valueName":"search_term_string"}}],"inLanguage":"es"}]}},"_links":{"self":[{"href":"https:\/\/proveedoracomercial.com\/clientes\/wp-json\/wp\/v2\/product\/471","targetHints":{"allow":["GET"]}}],"collection":[{"href":"https:\/\/proveedoracomercial.com\/clientes\/wp-json\/wp\/v2\/product"}],"about":[{"href":"https:\/\/proveedoracomercial.com\/clientes\/wp-json\/wp\/v2\/types\/product"}],"replies":[{"embeddable":true,"href":"https:\/\/proveedoracomercial.com\/clientes\/wp-json\/wp\/v2\/comments?post=471"}],"wp:featuredmedia":[{"embeddable":true,"href":"https:\/\/proveedoracomercial.com\/clientes\/wp-json\/wp\/v2\/media\/473"}],"wp:attachment":[{"href":"https:\/\/proveedoracomercial.com\/clientes\/wp-json\/wp\/v2\/media?parent=471"}],"wp:term":[{"taxonomy":"store","embeddable":true,"href":"https:\/\/proveedoracomercial.com\/clientes\/wp-json\/wp\/v2\/store?post=471"},{"taxonomy":"product_cat","embeddable":true,"href":"https:\/\/proveedoracomercial.com\/clientes\/wp-json\/wp\/v2\/product_cat?post=471"},{"taxonomy":"product_tag","embeddable":true,"href":"https:\/\/proveedoracomercial.com\/clientes\/wp-json\/wp\/v2\/product_tag?post=471"}],"curies":[{"name":"wp","href":"https:\/\/api.w.org\/{rel}","templated":true}]}}