{"id":449,"date":"2024-03-21T01:31:42","date_gmt":"2024-03-21T01:31:42","guid":{"rendered":"https:\/\/proveedoracomercial.com\/clientes\/producto\/hielera-rubbermaid-rodante-45-qt\/"},"modified":"2024-03-21T01:31:42","modified_gmt":"2024-03-21T01:31:42","slug":"hielera-rubbermaid-rodante-45-qt","status":"publish","type":"product","link":"https:\/\/proveedoracomercial.com\/clientes\/producto\/hielera-rubbermaid-rodante-45-qt\/","title":{"rendered":"HIELERA RUBBERMAID RODANTE 45 QT"},"content":{"rendered":"","protected":false},"excerpt":{"rendered":"<p>Esta hielera tiene ruedas resistentes y todo terreno para una f\u00e1cil maniobrabilidad. Una tapa dividida con bisagras crea un f\u00e1cil acceso a los contenidos sin dejar salir todo el aire fr\u00edo. La retenci\u00f3n t\u00e9rmica superior mantiene los alimentos y bebidas fr\u00edos, mientras que los portavasos incorporados caben 12 oz. latas y 20 oz botellas.<\/p>\n<p>-Forro f\u00e1cil de limpiar con protecci\u00f3n antimicrobiana Microban<br \/>\n-Sostiene 67 latas m\u00e1s hielo<br \/>\n-Manijas laterales abatibles con agarre c\u00f3modo para facilitar el transporte<br \/>\n-Mango de extracci\u00f3n de metal y pl\u00e1stico retr\u00e1ctil y duradero<br \/>\n-Drenaje frontal para facilitar el drenaje de l\u00edquidos<br \/>\n-sin BPA<\/p>\n<p>MEDIDAS: 45.97 X 37.34 X 63.25 CM<\/p>\n","protected":false},"featured_media":451,"comment_status":"closed","ping_status":"closed","template":"","meta":{"_joinchat":[]},"store":[],"product_cat":[48,136],"product_tag":[149,64,145,54,46,146,150,140],"class_list":{"0":"post-449","1":"product","2":"type-product","3":"status-publish","4":"has-post-thumbnail","6":"product_cat-hieleras-y-termos","7":"product_cat-rubbermaid","8":"product_tag-45-qt","9":"product_tag-camping","10":"product_tag-fishing","11":"product_tag-hielera","12":"product_tag-pesca","13":"product_tag-playa","14":"product_tag-rodante","15":"product_tag-rubbermaid","17":"first","18":"instock","19":"shipping-taxable","20":"purchasable","21":"product-type-simple"},"yoast_head":"<!-- This site is optimized with the Yoast SEO plugin v23.5 - https:\/\/yoast.com\/wordpress\/plugins\/seo\/ -->\n<title>HIELERA RUBBERMAID RODANTE 45 QT -<\/title>\n<meta name=\"robots\" content=\"index, follow, max-snippet:-1, max-image-preview:large, max-video-preview:-1\" \/>\n<link rel=\"canonical\" href=\"https:\/\/proveedoracomercial.com\/clientes\/producto\/hielera-rubbermaid-rodante-45-qt\/\" \/>\n<meta property=\"og:locale\" content=\"es_MX\" \/>\n<meta property=\"og:type\" content=\"article\" \/>\n<meta property=\"og:title\" content=\"HIELERA RUBBERMAID RODANTE 45 QT -\" \/>\n<meta property=\"og:description\" content=\"Esta hielera tiene ruedas resistentes y todo terreno para una f\u00e1cil maniobrabilidad. Una tapa dividida con bisagras crea un f\u00e1cil acceso a los contenidos sin dejar salir todo el aire fr\u00edo. La retenci\u00f3n t\u00e9rmica superior mantiene los alimentos y bebidas fr\u00edos, mientras que los portavasos incorporados caben 12 oz. latas y 20 oz botellas.  -Forro f\u00e1cil de limpiar con protecci\u00f3n antimicrobiana Microban -Sostiene 67 latas m\u00e1s hielo -Manijas laterales abatibles con agarre c\u00f3modo para facilitar el transporte -Mango de extracci\u00f3n de metal y pl\u00e1stico retr\u00e1ctil y duradero -Drenaje frontal para facilitar el drenaje de l\u00edquidos -sin BPA  MEDIDAS: 45.97 X 37.34 X 63.25 CM\" \/>\n<meta property=\"og:url\" content=\"https:\/\/proveedoracomercial.com\/clientes\/producto\/hielera-rubbermaid-rodante-45-qt\/\" \/>\n<meta property=\"og:image\" content=\"https:\/\/proveedoracomercial.com\/clientes\/wp-content\/uploads\/sites\/4\/2024\/06\/hielera-45qt-con-ruedas-azul-rubbermaid-r-h45ra-D_NQ_NP_867071-MLM26743201837_012018-O.jpg\" \/>\n\t<meta property=\"og:image:width\" content=\"298\" \/>\n\t<meta property=\"og:image:height\" content=\"298\" \/>\n\t<meta property=\"og:image:type\" content=\"image\/jpeg\" \/>\n<meta name=\"twitter:card\" content=\"summary_large_image\" \/>\n<script type=\"application\/ld+json\" class=\"yoast-schema-graph\">{\"@context\":\"https:\/\/schema.org\",\"@graph\":[{\"@type\":\"WebPage\",\"@id\":\"https:\/\/proveedoracomercial.com\/clientes\/producto\/hielera-rubbermaid-rodante-45-qt\/\",\"url\":\"https:\/\/proveedoracomercial.com\/clientes\/producto\/hielera-rubbermaid-rodante-45-qt\/\",\"name\":\"HIELERA RUBBERMAID RODANTE 45 QT -\",\"isPartOf\":{\"@id\":\"https:\/\/proveedoracomercial.com\/clientes\/#website\"},\"primaryImageOfPage\":{\"@id\":\"https:\/\/proveedoracomercial.com\/clientes\/producto\/hielera-rubbermaid-rodante-45-qt\/#primaryimage\"},\"image\":{\"@id\":\"https:\/\/proveedoracomercial.com\/clientes\/producto\/hielera-rubbermaid-rodante-45-qt\/#primaryimage\"},\"thumbnailUrl\":\"https:\/\/proveedoracomercial.com\/clientes\/wp-content\/uploads\/sites\/4\/2024\/06\/hielera-45qt-con-ruedas-azul-rubbermaid-r-h45ra-D_NQ_NP_867071-MLM26743201837_012018-O.jpg\",\"datePublished\":\"2024-03-21T01:31:42+00:00\",\"dateModified\":\"2024-03-21T01:31:42+00:00\",\"breadcrumb\":{\"@id\":\"https:\/\/proveedoracomercial.com\/clientes\/producto\/hielera-rubbermaid-rodante-45-qt\/#breadcrumb\"},\"inLanguage\":\"es\",\"potentialAction\":[{\"@type\":\"ReadAction\",\"target\":[\"https:\/\/proveedoracomercial.com\/clientes\/producto\/hielera-rubbermaid-rodante-45-qt\/\"]}]},{\"@type\":\"ImageObject\",\"inLanguage\":\"es\",\"@id\":\"https:\/\/proveedoracomercial.com\/clientes\/producto\/hielera-rubbermaid-rodante-45-qt\/#primaryimage\",\"url\":\"https:\/\/proveedoracomercial.com\/clientes\/wp-content\/uploads\/sites\/4\/2024\/06\/hielera-45qt-con-ruedas-azul-rubbermaid-r-h45ra-D_NQ_NP_867071-MLM26743201837_012018-O.jpg\",\"contentUrl\":\"https:\/\/proveedoracomercial.com\/clientes\/wp-content\/uploads\/sites\/4\/2024\/06\/hielera-45qt-con-ruedas-azul-rubbermaid-r-h45ra-D_NQ_NP_867071-MLM26743201837_012018-O.jpg\",\"width\":298,\"height\":298},{\"@type\":\"BreadcrumbList\",\"@id\":\"https:\/\/proveedoracomercial.com\/clientes\/producto\/hielera-rubbermaid-rodante-45-qt\/#breadcrumb\",\"itemListElement\":[{\"@type\":\"ListItem\",\"position\":1,\"name\":\"Portada\",\"item\":\"https:\/\/proveedoracomercial.com\/clientes\/\"},{\"@type\":\"ListItem\",\"position\":2,\"name\":\"Tienda\",\"item\":\"https:\/\/proveedoracomercial.com\/clientes\/tienda\/\"},{\"@type\":\"ListItem\",\"position\":3,\"name\":\"HIELERA RUBBERMAID RODANTE 45 QT\"}]},{\"@type\":\"WebSite\",\"@id\":\"https:\/\/proveedoracomercial.com\/clientes\/#website\",\"url\":\"https:\/\/proveedoracomercial.com\/clientes\/\",\"name\":\"\",\"description\":\"\",\"potentialAction\":[{\"@type\":\"SearchAction\",\"target\":{\"@type\":\"EntryPoint\",\"urlTemplate\":\"https:\/\/proveedoracomercial.com\/clientes\/?s={search_term_string}\"},\"query-input\":{\"@type\":\"PropertyValueSpecification\",\"valueRequired\":true,\"valueName\":\"search_term_string\"}}],\"inLanguage\":\"es\"}]}<\/script>\n<!-- \/ Yoast SEO plugin. -->","yoast_head_json":{"title":"HIELERA RUBBERMAID RODANTE 45 QT -","robots":{"index":"index","follow":"follow","max-snippet":"max-snippet:-1","max-image-preview":"max-image-preview:large","max-video-preview":"max-video-preview:-1"},"canonical":"https:\/\/proveedoracomercial.com\/clientes\/producto\/hielera-rubbermaid-rodante-45-qt\/","og_locale":"es_MX","og_type":"article","og_title":"HIELERA RUBBERMAID RODANTE 45 QT -","og_description":"Esta hielera tiene ruedas resistentes y todo terreno para una f\u00e1cil maniobrabilidad. Una tapa dividida con bisagras crea un f\u00e1cil acceso a los contenidos sin dejar salir todo el aire fr\u00edo. La retenci\u00f3n t\u00e9rmica superior mantiene los alimentos y bebidas fr\u00edos, mientras que los portavasos incorporados caben 12 oz. latas y 20 oz botellas.  -Forro f\u00e1cil de limpiar con protecci\u00f3n antimicrobiana Microban -Sostiene 67 latas m\u00e1s hielo -Manijas laterales abatibles con agarre c\u00f3modo para facilitar el transporte -Mango de extracci\u00f3n de metal y pl\u00e1stico retr\u00e1ctil y duradero -Drenaje frontal para facilitar el drenaje de l\u00edquidos -sin BPA  MEDIDAS: 45.97 X 37.34 X 63.25 CM","og_url":"https:\/\/proveedoracomercial.com\/clientes\/producto\/hielera-rubbermaid-rodante-45-qt\/","og_image":[{"width":298,"height":298,"url":"https:\/\/proveedoracomercial.com\/clientes\/wp-content\/uploads\/sites\/4\/2024\/06\/hielera-45qt-con-ruedas-azul-rubbermaid-r-h45ra-D_NQ_NP_867071-MLM26743201837_012018-O.jpg","type":"image\/jpeg"}],"twitter_card":"summary_large_image","schema":{"@context":"https:\/\/schema.org","@graph":[{"@type":"WebPage","@id":"https:\/\/proveedoracomercial.com\/clientes\/producto\/hielera-rubbermaid-rodante-45-qt\/","url":"https:\/\/proveedoracomercial.com\/clientes\/producto\/hielera-rubbermaid-rodante-45-qt\/","name":"HIELERA RUBBERMAID RODANTE 45 QT -","isPartOf":{"@id":"https:\/\/proveedoracomercial.com\/clientes\/#website"},"primaryImageOfPage":{"@id":"https:\/\/proveedoracomercial.com\/clientes\/producto\/hielera-rubbermaid-rodante-45-qt\/#primaryimage"},"image":{"@id":"https:\/\/proveedoracomercial.com\/clientes\/producto\/hielera-rubbermaid-rodante-45-qt\/#primaryimage"},"thumbnailUrl":"https:\/\/proveedoracomercial.com\/clientes\/wp-content\/uploads\/sites\/4\/2024\/06\/hielera-45qt-con-ruedas-azul-rubbermaid-r-h45ra-D_NQ_NP_867071-MLM26743201837_012018-O.jpg","datePublished":"2024-03-21T01:31:42+00:00","dateModified":"2024-03-21T01:31:42+00:00","breadcrumb":{"@id":"https:\/\/proveedoracomercial.com\/clientes\/producto\/hielera-rubbermaid-rodante-45-qt\/#breadcrumb"},"inLanguage":"es","potentialAction":[{"@type":"ReadAction","target":["https:\/\/proveedoracomercial.com\/clientes\/producto\/hielera-rubbermaid-rodante-45-qt\/"]}]},{"@type":"ImageObject","inLanguage":"es","@id":"https:\/\/proveedoracomercial.com\/clientes\/producto\/hielera-rubbermaid-rodante-45-qt\/#primaryimage","url":"https:\/\/proveedoracomercial.com\/clientes\/wp-content\/uploads\/sites\/4\/2024\/06\/hielera-45qt-con-ruedas-azul-rubbermaid-r-h45ra-D_NQ_NP_867071-MLM26743201837_012018-O.jpg","contentUrl":"https:\/\/proveedoracomercial.com\/clientes\/wp-content\/uploads\/sites\/4\/2024\/06\/hielera-45qt-con-ruedas-azul-rubbermaid-r-h45ra-D_NQ_NP_867071-MLM26743201837_012018-O.jpg","width":298,"height":298},{"@type":"BreadcrumbList","@id":"https:\/\/proveedoracomercial.com\/clientes\/producto\/hielera-rubbermaid-rodante-45-qt\/#breadcrumb","itemListElement":[{"@type":"ListItem","position":1,"name":"Portada","item":"https:\/\/proveedoracomercial.com\/clientes\/"},{"@type":"ListItem","position":2,"name":"Tienda","item":"https:\/\/proveedoracomercial.com\/clientes\/tienda\/"},{"@type":"ListItem","position":3,"name":"HIELERA RUBBERMAID RODANTE 45 QT"}]},{"@type":"WebSite","@id":"https:\/\/proveedoracomercial.com\/clientes\/#website","url":"https:\/\/proveedoracomercial.com\/clientes\/","name":"","description":"","potentialAction":[{"@type":"SearchAction","target":{"@type":"EntryPoint","urlTemplate":"https:\/\/proveedoracomercial.com\/clientes\/?s={search_term_string}"},"query-input":{"@type":"PropertyValueSpecification","valueRequired":true,"valueName":"search_term_string"}}],"inLanguage":"es"}]}},"_links":{"self":[{"href":"https:\/\/proveedoracomercial.com\/clientes\/wp-json\/wp\/v2\/product\/449","targetHints":{"allow":["GET"]}}],"collection":[{"href":"https:\/\/proveedoracomercial.com\/clientes\/wp-json\/wp\/v2\/product"}],"about":[{"href":"https:\/\/proveedoracomercial.com\/clientes\/wp-json\/wp\/v2\/types\/product"}],"replies":[{"embeddable":true,"href":"https:\/\/proveedoracomercial.com\/clientes\/wp-json\/wp\/v2\/comments?post=449"}],"wp:featuredmedia":[{"embeddable":true,"href":"https:\/\/proveedoracomercial.com\/clientes\/wp-json\/wp\/v2\/media\/451"}],"wp:attachment":[{"href":"https:\/\/proveedoracomercial.com\/clientes\/wp-json\/wp\/v2\/media?parent=449"}],"wp:term":[{"taxonomy":"store","embeddable":true,"href":"https:\/\/proveedoracomercial.com\/clientes\/wp-json\/wp\/v2\/store?post=449"},{"taxonomy":"product_cat","embeddable":true,"href":"https:\/\/proveedoracomercial.com\/clientes\/wp-json\/wp\/v2\/product_cat?post=449"},{"taxonomy":"product_tag","embeddable":true,"href":"https:\/\/proveedoracomercial.com\/clientes\/wp-json\/wp\/v2\/product_tag?post=449"}],"curies":[{"name":"wp","href":"https:\/\/api.w.org\/{rel}","templated":true}]}}